{"id":7785,"date":"2025-05-25T23:45:06","date_gmt":"2025-05-25T21:45:06","guid":{"rendered":"https:\/\/www.interagencygames.org\/newsite\/?page_id=7785"},"modified":"2026-03-24T17:39:47","modified_gmt":"2026-03-24T16:39:47","slug":"iag-2025-partners","status":"publish","type":"page","link":"https:\/\/iag.mon-rezo.fr\/?page_id=7785","title":{"rendered":"IAG 2025 &#8211; Partners"},"content":{"rendered":"\n<p class=\"has-text-align-center has-base-3-color has-contrast-2-background-color has-text-color has-background has-link-color has-medium-font-size wp-elements-01d71b1055a3f1fd7a783b10d62c2638\"><strong>PREMIUM PARTNERS<\/strong><\/p>\n\n\n\n<p><strong>CESSON-S\u00c9VIGN\u00c9<\/strong><\/p>\n\n\n\n<figure class=\"wp-block-image size-full\"><a href=\"https:\/\/www.interagencygames.org\/newsite\/wp-content\/uploads\/2025\/05\/image-5.png\"><img loading=\"lazy\" decoding=\"async\" width=\"945\" height=\"365\" src=\"https:\/\/www.interagencygames.org\/newsite\/wp-content\/uploads\/2025\/05\/image-5.png\" alt=\"\" class=\"wp-image-7788\" srcset=\"https:\/\/iag.mon-rezo.fr\/wp-content\/uploads\/2025\/05\/image-5.png 945w, https:\/\/iag.mon-rezo.fr\/wp-content\/uploads\/2025\/05\/image-5-300x116.png 300w, https:\/\/iag.mon-rezo.fr\/wp-content\/uploads\/2025\/05\/image-5-768x297.png 768w\" sizes=\"auto, (max-width: 945px) 100vw, 945px\" \/><\/a><\/figure>\n\n\n\n<p>Dear athletes,&nbsp;&nbsp;<\/p>\n\n\n\n<p>Welcome to the City-garden.<\/p>\n\n\n\n<p>Cesson-S\u00e9vign\u00e9 is proud to welcome, alongside the City of Rennes, this 50\u1d49 edition of the United Nations Inter-Organization Games. As an ideal land for sport, our town is committed to making physical activity accessible to all, a real driving force behind its political action. Thanks to our sports facilities in the heart of the city, we encourage all forms of sporting activity, whether amateur, school or high-level. This dynamic is fully in line with the values embraced by UNESCO and this event: sport, inclusion, sharing and respect.&nbsp;<\/p>\n\n\n\n<p>Beyond the competition, these Games embody the spirit of conviviality and solidarity that drives us. By bringing together participants from all over the world, this event perfectly illustrates the role of sport as a vector for peace and reconciliation between peoples. We are delighted to extend the Olympic spirit of Paris 2024 by welcoming athletes, volunteers and spectators to our city. I wish you all an unforgettable stay, filled with effort, fair play and exchange.&nbsp;<\/p>\n\n\n\n<p>Jean-Pierre SAVIGNAC&nbsp;<\/p>\n\n\n\n<p>Maire de Cesson-S\u00e9vign\u00e9&nbsp;<\/p>\n\n\n\n<hr class=\"wp-block-separator has-alpha-channel-opacity\"\/>\n\n\n\n<p><strong>DESTINATION RENNES<\/strong><\/p>\n\n\n<div class=\"wp-block-image\">\n<figure class=\"aligncenter size-full is-resized\"><a href=\"https:\/\/www.interagencygames.org\/newsite\/wp-content\/uploads\/2025\/05\/image-3.png\"><img loading=\"lazy\" decoding=\"async\" width=\"946\" height=\"339\" src=\"https:\/\/www.interagencygames.org\/newsite\/wp-content\/uploads\/2025\/05\/image-3.png\" alt=\"\" class=\"wp-image-7786\" style=\"width:500px\" srcset=\"https:\/\/iag.mon-rezo.fr\/wp-content\/uploads\/2025\/05\/image-3.png 946w, https:\/\/iag.mon-rezo.fr\/wp-content\/uploads\/2025\/05\/image-3-300x108.png 300w, https:\/\/iag.mon-rezo.fr\/wp-content\/uploads\/2025\/05\/image-3-768x275.png 768w\" sizes=\"auto, (max-width: 946px) 100vw, 946px\" \/><\/a><\/figure>\n<\/div>\n\n\n<hr class=\"wp-block-separator has-alpha-channel-opacity\"\/>\n\n\n\n<p><strong>CIGNA<\/strong><\/p>\n\n\n<div class=\"wp-block-image\">\n<figure class=\"aligncenter size-full is-resized\"><a href=\"https:\/\/www.interagencygames.org\/newsite\/wp-content\/uploads\/2025\/05\/image-6.png\"><img loading=\"lazy\" decoding=\"async\" width=\"847\" height=\"464\" src=\"https:\/\/www.interagencygames.org\/newsite\/wp-content\/uploads\/2025\/05\/image-6.png\" alt=\"\" class=\"wp-image-7789\" style=\"width:500px\" srcset=\"https:\/\/iag.mon-rezo.fr\/wp-content\/uploads\/2025\/05\/image-6.png 847w, https:\/\/iag.mon-rezo.fr\/wp-content\/uploads\/2025\/05\/image-6-300x164.png 300w, https:\/\/iag.mon-rezo.fr\/wp-content\/uploads\/2025\/05\/image-6-768x421.png 768w\" sizes=\"auto, (max-width: 847px) 100vw, 847px\" \/><\/a><\/figure>\n<\/div>\n\n\n<hr class=\"wp-block-separator has-alpha-channel-opacity\"\/>\n\n\n\n<p><strong>MSH INTERNATIONAL<\/strong><\/p>\n\n\n<div class=\"wp-block-image\">\n<figure class=\"aligncenter size-full is-resized\"><a href=\"https:\/\/www.interagencygames.org\/newsite\/wp-content\/uploads\/2025\/05\/image-8.png\"><img loading=\"lazy\" decoding=\"async\" width=\"782\" height=\"583\" src=\"https:\/\/www.interagencygames.org\/newsite\/wp-content\/uploads\/2025\/05\/image-8.png\" alt=\"\" class=\"wp-image-7791\" style=\"width:500px\" srcset=\"https:\/\/iag.mon-rezo.fr\/wp-content\/uploads\/2025\/05\/image-8.png 782w, https:\/\/iag.mon-rezo.fr\/wp-content\/uploads\/2025\/05\/image-8-300x224.png 300w, https:\/\/iag.mon-rezo.fr\/wp-content\/uploads\/2025\/05\/image-8-768x573.png 768w\" sizes=\"auto, (max-width: 782px) 100vw, 782px\" \/><\/a><\/figure>\n<\/div>\n\n\n<hr class=\"wp-block-separator has-alpha-channel-opacity\"\/>\n\n\n\n<p><strong>United Nations Federal Credit Union (UNFCU)<\/strong><\/p>\n\n\n<div class=\"wp-block-image\">\n<figure class=\"aligncenter size-full is-resized\"><a href=\"https:\/\/www.interagencygames.org\/newsite\/wp-content\/uploads\/2025\/05\/image-7.png\"><img loading=\"lazy\" decoding=\"async\" width=\"945\" height=\"243\" src=\"https:\/\/www.interagencygames.org\/newsite\/wp-content\/uploads\/2025\/05\/image-7.png\" alt=\"\" class=\"wp-image-7790\" style=\"width:600px\" srcset=\"https:\/\/iag.mon-rezo.fr\/wp-content\/uploads\/2025\/05\/image-7.png 945w, https:\/\/iag.mon-rezo.fr\/wp-content\/uploads\/2025\/05\/image-7-300x77.png 300w, https:\/\/iag.mon-rezo.fr\/wp-content\/uploads\/2025\/05\/image-7-768x197.png 768w\" sizes=\"auto, (max-width: 945px) 100vw, 945px\" \/><\/a><\/figure>\n<\/div>\n\n\n<p class=\"has-text-align-center has-base-3-color has-contrast-2-background-color has-text-color has-background has-link-color has-medium-font-size wp-elements-7e2492d95614f7c85be30b303ec35911\"><strong>PARNERS<\/strong><\/p>\n\n\n\n<figure class=\"wp-block-image size-large\"><a href=\"https:\/\/www.interagencygames.org\/newsite\/wp-content\/uploads\/2025\/06\/partenaires-001-scaled.png\"><img loading=\"lazy\" decoding=\"async\" width=\"1024\" height=\"842\" src=\"https:\/\/www.interagencygames.org\/newsite\/wp-content\/uploads\/2025\/06\/partenaires-001-1024x842.png\" alt=\"\" class=\"wp-image-7808\" srcset=\"https:\/\/iag.mon-rezo.fr\/wp-content\/uploads\/2025\/06\/partenaires-001-1024x842.png 1024w, https:\/\/iag.mon-rezo.fr\/wp-content\/uploads\/2025\/06\/partenaires-001-300x247.png 300w, https:\/\/iag.mon-rezo.fr\/wp-content\/uploads\/2025\/06\/partenaires-001-768x632.png 768w, https:\/\/iag.mon-rezo.fr\/wp-content\/uploads\/2025\/06\/partenaires-001-1536x1264.png 1536w, https:\/\/iag.mon-rezo.fr\/wp-content\/uploads\/2025\/06\/partenaires-001-2048x1685.png 2048w\" sizes=\"auto, (max-width: 1024px) 100vw, 1024px\" \/><\/a><\/figure>\n\n\n\n<p class=\"has-text-align-center has-base-3-color has-contrast-2-background-color has-text-color has-background has-link-color has-medium-font-size wp-elements-979eeee53aaebee942c42bb08cfad7b4\"><strong>WITH THE SUPPORT OF<\/strong><\/p>\n\n\n\n<figure class=\"wp-block-image size-large\"><a href=\"https:\/\/www.interagencygames.org\/newsite\/wp-content\/uploads\/2025\/06\/partenaires-support-scaled.png\"><img loading=\"lazy\" decoding=\"async\" width=\"1024\" height=\"390\" src=\"https:\/\/www.interagencygames.org\/newsite\/wp-content\/uploads\/2025\/06\/partenaires-support-1024x390.png\" alt=\"\" class=\"wp-image-7810\" srcset=\"https:\/\/iag.mon-rezo.fr\/wp-content\/uploads\/2025\/06\/partenaires-support-1024x390.png 1024w, https:\/\/iag.mon-rezo.fr\/wp-content\/uploads\/2025\/06\/partenaires-support-300x114.png 300w, https:\/\/iag.mon-rezo.fr\/wp-content\/uploads\/2025\/06\/partenaires-support-768x292.png 768w, https:\/\/iag.mon-rezo.fr\/wp-content\/uploads\/2025\/06\/partenaires-support-1536x585.png 1536w, https:\/\/iag.mon-rezo.fr\/wp-content\/uploads\/2025\/06\/partenaires-support-2048x780.png 2048w\" sizes=\"auto, (max-width: 1024px) 100vw, 1024px\" \/><\/a><\/figure>\n\n\n\n<p class=\"has-text-align-center\"><\/p>\n\n\n\n<p><\/p>\n","protected":false},"excerpt":{"rendered":"<p>PREMIUM PARTNERS CESSON-S\u00c9VIGN\u00c9 Dear athletes,&nbsp;&nbsp; Welcome to the City-garden. Cesson-S\u00e9vign\u00e9 is proud to welcome, alongside the City of Rennes, this 50\u1d49 edition of the United Nations Inter-Organization Games. As an ideal land for sport, our town is committed to making physical activity accessible to all, a real driving force behind its political action. Thanks to &#8230; <a title=\"IAG 2025 &#8211; Partners\" class=\"read-more\" href=\"https:\/\/iag.mon-rezo.fr\/?page_id=7785\" aria-label=\"Read more about IAG 2025 &#8211; Partners\">Read more<\/a><\/p>\n","protected":false},"author":15,"featured_media":0,"parent":6968,"menu_order":0,"comment_status":"closed","ping_status":"closed","template":"","meta":{"footnotes":""},"class_list":["post-7785","page","type-page","status-publish"],"_links":{"self":[{"href":"https:\/\/iag.mon-rezo.fr\/index.php?rest_route=\/wp\/v2\/pages\/7785","targetHints":{"allow":["GET"]}}],"collection":[{"href":"https:\/\/iag.mon-rezo.fr\/index.php?rest_route=\/wp\/v2\/pages"}],"about":[{"href":"https:\/\/iag.mon-rezo.fr\/index.php?rest_route=\/wp\/v2\/types\/page"}],"author":[{"embeddable":true,"href":"https:\/\/iag.mon-rezo.fr\/index.php?rest_route=\/wp\/v2\/users\/15"}],"replies":[{"embeddable":true,"href":"https:\/\/iag.mon-rezo.fr\/index.php?rest_route=%2Fwp%2Fv2%2Fcomments&post=7785"}],"version-history":[{"count":6,"href":"https:\/\/iag.mon-rezo.fr\/index.php?rest_route=\/wp\/v2\/pages\/7785\/revisions"}],"predecessor-version":[{"id":7812,"href":"https:\/\/iag.mon-rezo.fr\/index.php?rest_route=\/wp\/v2\/pages\/7785\/revisions\/7812"}],"up":[{"embeddable":true,"href":"https:\/\/iag.mon-rezo.fr\/index.php?rest_route=\/wp\/v2\/pages\/6968"}],"wp:attachment":[{"href":"https:\/\/iag.mon-rezo.fr\/index.php?rest_route=%2Fwp%2Fv2%2Fmedia&parent=7785"}],"curies":[{"name":"wp","href":"https:\/\/api.w.org\/{rel}","templated":true}]}}